 factors of 1164.
2, 3, 97
List the prime factors of 15997.
17, 941
List the prime factors of 991.
991
List the prime factors of 314.
2, 157
What are the prime factors of 13351?
13, 79
List the prime factors of 152.
2, 19
What are the prime factors of 2035?
5, 11, 37
What are the prime factors of 549?
3, 61
List the prime factors of 5483.
5483
List the prime factors of 16571.
73, 227
List the prime factors of 1462.
2, 17, 43
List the prime factors of 10838.
2, 5419
What are the prime factors of 27059?
27059
What are the prime factors of 1428?
2, 3, 7, 17
What are the prime factors of 53756?
2, 89, 151
List the prime factors of 28679.
7, 17, 241
List the prime factors of 47925.
3, 5, 71
List the prime factors of 51046.
2, 25523
What are the prime factors of 1756?
2, 439
What are the prime factors of 23536?
2, 1471
What are the prime factors of 1753?
1753
What are the prime factors of 652?
2, 163
What are the prime factors of 20431?
20431
What are the prime factors of 2672?
2, 167
List the prime factors of 2531.
2531
What are the prime factors of 36631?
7, 5233
What are the prime factors of 1178?
2, 19, 31
List the prime factors of 34218.
2, 3, 1901
What are the prime factors of 369?
3, 41
List the prime factors of 4770.
2, 3, 5, 53
List the prime factors of 16926.
2, 3, 7, 13, 31
What are the prime factors of 18998?
2, 7, 23, 59
List the prime factors of 3151.
23, 137
List the prime factors of 2245.
5, 449
List the prime factors of 35524.
2, 83, 107
What are the prime factors of 569?
569
What are the prime factors of 46842?
2, 3, 37, 211
List the prime factors of 1798.
2, 29, 31
What are the prime factors of 21977?
21977
What are the prime factors of 33809?
33809
List the prime factors of 2591.
2591
List the prime factors of 22367.
22367
What are the prime factors of 107542?
2, 17, 3163
List the prime factors of 55943.
43, 1301
What are the prime factors of 1162?
2, 7, 83
List the prime factors of 82724.
2, 20681
What are the prime factors of 599?
599
What are the prime factors of 79144?
2, 13, 761
List the prime factors of 7077.
3, 7, 337
List the prime factors of 3770.
2, 5, 13, 29
What are the prime factors of 6702?
2, 3, 1117
What are the prime factors of 112205?
5, 22441
What are the prime factors of 35000?
2, 5, 7
What are the prime factors of 18008?
2, 2251
What are the prime factors of 834?
2, 3, 139
What are the prime factors of 77377?
77377
List the prime factors of 4078.
2, 2039
List the prime factors of 55270.
2, 5, 5527
List the prime factors of 46458.
2, 3, 29, 89
List the prime factors of 8420.
2, 5, 421
List the prime factors of 48100.
2, 5, 13, 37
What are the prime factors of 625?
5
What are the prime factors of 2476?
2, 619
List the prime factors of 349.
349
What are the prime factors of 1040?
2, 5, 13
List the prime factors of 1345.
5, 269
List the prime factors of 25313.
17, 1489
List the prime factors of 2615.
5, 523
What are the prime factors of 6105?
3, 5, 11, 37
List the prime factors of 29532.
2, 3, 23, 107
List the prime factors of 54490.
2, 5, 5449
What are the prime factors of 6832?
2, 7, 61
What are the prime factors of 860?
2, 5, 43
List the prime factors of 59383.
43, 1381
List the prime factors of 1214.
2, 607
What are the prime factors of 11407?
11, 17, 61
What are the prime factors of 10014?
2, 3, 1669
What are the prime factors of 18346?
2, 9173
List the prime factors of 37902.
2, 3, 6317
List the prime factors of 34889.
139, 251
List the prime factors of 35129.
35129
List the prime factors of 64817.
64817
List the prime factors of 41131.
41131
What are the prime factors of 14906?
2, 29, 257
List the prime factors of 75661.
29, 2609
List the prime factors of 496.
2, 31
List the prime factors of 27247.
11, 2477
What are the prime factors of 6718?
2, 3359
What are the prime factors of 61259?
11, 5569
What are the prime factors of 4906?
2, 11, 223
What are the prime factors of 1855?
5, 7, 53
List the prime factors of 14135.
5, 11, 257
What are the prime factors of 3620?
2, 5, 181
List the prime factors of 1885.
5, 13, 29
What are the prime factors of 695?
5, 139
List the prime factors of 8545.
5, 1709
What are the prime factors of 284?
2, 71
What are the prime factors of 930?
2, 3, 5, 31
List the prime factors of 17342.
2, 13, 23, 29
List the prime factors of 27623.
23, 1201
List the prime factors of 331.
331
What are the prime factors of 4542?
2, 3, 757
List the prime factors of 176.
2, 11
List the prime factors of 12660.
2, 3, 5, 211
List the prime factors of 4846.
2, 2423
What are the prime factors of 1674?
2, 3, 31
What are the prime factors of 753?
3, 251
What are the prime factors of 6780?
2, 3, 5, 113
List the prime factors of 3751.
11, 31
What are the prime factors of 400?
2, 5
What are the prime factors of 34047?
3, 13, 97
List the prime factors of 7812.
2, 3, 7, 31
List the prime factors of 8521.
8521
List the prime factors of 5010.
2, 3, 5, 167
What are the prime factors of 12995?
5, 23, 113
List the prime factors of 2473.
2473
List the prime factors of 30527.
7, 89
List the prime factors of 16791.
3, 29, 193
What are the prime factors of 321?
3, 107
List the prime factors of 22287.
3, 17, 19, 23
List the prime factors of 2514.
2, 3, 419
List the prime factors of 1557.
3, 173
List the prime factors of 11441.
17, 673
What are the prime factors of 127726?
2, 63863
What are the prime factors of 71?
71
List the prime factors of 13687.
13687
List the prime factors of 107749.
19, 53, 107
List the prime factors of 1376.
2, 43
List the prime factors of 114098.
2, 89, 641
What are the prime factors of 2233?
7, 11, 29
List the prime factors of 2547.
3, 283
What are the prime factors of 40873?
7, 5839
What are the prime factors of 7038?
2, 3, 17, 23
List the prime factors of 24752.
2, 7, 13, 17
List the prime factors of 19270.
2, 5, 41, 47
List the prime factors of 127.
127
List the prime factors of 27547.
13, 163
What are the prime factors of 21?
3, 7
What are the prime factors of 1177?
11, 107
What are the prime factors of 9853?
59, 167
List the prime factors of 7490.
2, 5, 7, 107
List the prime factors of 59102.
2, 29, 1019
List the prime factors of 1739.
37, 47
List the prime factors of 16654.
2, 11, 757
What are the prime factors of 53129?
53129
List the prime factors of 1629.
3, 181
What are the prime factors of 33948?
2, 3, 23, 41
List the prime factors of 61898.
2, 30949
List the prime factors of 28.
2, 7
List the prime factors of 12576.
2, 3, 131
List the prime factors of 14827.
14827
List the prime factors of 38452.
2, 9613
What are the prime factors of 624?
2, 3, 13
List the prime factors of 13399.
13399
List the prime factors of 463.
463
List the prime factors of 23074.
2, 83, 139
What are the prime factors of 580?
2, 5, 29
What are the prime factors of 154863?
3, 17207
List the prime factors of 29451.
3, 9817
List the prime factors of 20372.
2, 11, 463
What are the prime factors of 5447?
13, 419
List the prime factors of 1227.
3, 409
List the prime factors of 35701.
19, 1879
What are the prime factors of 2955?
3, 5, 197
List the prime factors of 1810.
2, 5, 181
List the prime factors of 910.
2, 5, 7, 13
List the prime factors of 2359.
7, 337
List the prime factors of 87680.
2, 5, 137
What are the prime factors of 16666?
2, 13, 641
What are the prime factors of 39543?
3, 7, 269
What are the prime factors of 1245?
3, 5, 83
What are the prime factors of 6849?
3, 761
List the prime factors of 327.
3, 109
What are the prime factors of 9646?
2, 7, 13, 53
What are the prime factors of 138253?
23, 6011
What are the prime factors of 4814?
2, 29, 83
List the prime factors of 134411.
257, 523
List the prime factors of 16214.
2, 11, 67
List the prime factors of 422.
2, 211
List the prime factors of 51206.
2, 25603
List the prime factors of 2188.
2, 547
List the prime factors of 30053.
41, 733
List the prime factors of 3654.
2, 3, 7, 29
What are the prime factors of 1037?
17, 61
What are the prime factors of 1507?
11, 137
List the prime factors of 14714.
2, 7, 1051
What are the prime factors of 1870?
2, 5, 11, 17
List the prime factors of 583.
11, 53
What are the prime factors of 3046?
2, 1523
What are the prime factors of 8780?
2, 5, 439
What are the prime factors of 146?
2, 73
List the prime factors of 34